e the prime factors of 136884?
2, 3, 11, 17, 61
List the prime factors of 6138.
2, 3, 11, 31
What are the prime factors of 72349?
71, 1019
What are the prime factors of 2789?
2789
List the prime factors of 1474.
2, 11, 67
List the prime factors of 4938.
2, 3, 823
List the prime factors of 1427.
1427
List the prime factors of 3858.
2, 3, 643
List the prime factors of 36772.
2, 29, 317
List the prime factors of 150829.
7, 29, 743
What are the prime factors of 59885?
5, 7, 29, 59
What are the prime factors of 38021?
193, 197
What are the prime factors of 47164?
2, 13, 907
What are the prime factors of 4636?
2, 19, 61
List the prime factors of 5428.
2, 23, 59
What are the prime factors of 387?
3, 43
List the prime factors of 52734.
2, 3, 11, 17, 47
List the prime factors of 1030.
2, 5, 103
List the prime factors of 616.
2, 7, 11
List the prime factors of 32038.
2, 83, 193
What are the prime factors of 1027?
13, 79
List the prime factors of 22389.
3, 17, 439
What are the prime factors of 10964?
2, 2741
What are the prime factors of 369?
3, 41
List the prime factors of 77774.
2, 37, 1051
What are the prime factors of 4201?
4201
What are the prime factors of 31719?
3, 97, 109
What are the prime factors of 14223?
3, 11, 431
What are the prime factors of 517?
11, 47
What are the prime factors of 2651?
11, 241
What are the prime factors of 6441?
3, 19, 113
List the prime factors of 2285.
5, 457
List the prime factors of 1407.
3, 7, 67
List the prime factors of 4583.
4583
What are the prime factors of 559?
13, 43
What are the prime factors of 1015?
5, 7, 29
What are the prime factors of 5808?
2, 3, 11
List the prime factors of 6368.
2, 199
List the prime factors of 3844.
2, 31
What are the prime factors of 535?
5, 107
List the prime factors of 102399.
3, 11, 29, 107
List the prime factors of 16766.
2, 83, 101
List the prime factors of 15689.
29, 541
List the prime factors of 21518.
2, 7, 29, 53
List the prime factors of 4412.
2, 1103
List the prime factors of 38654.
2, 7, 11, 251
What are the prime factors of 1925?
5, 7, 11
What are the prime factors of 9955?
5, 11, 181
What are the prime factors of 6132?
2, 3, 7, 73
List the prime factors of 110028.
2, 3, 53, 173
What are the prime factors of 16284?
2, 3, 23, 59
List the prime factors of 90610.
2, 5, 13, 17, 41
List the prime factors of 39448.
2, 4931
What are the prime factors of 169193?
71, 2383
List the prime factors of 26633.
26633
List the prime factors of 36236.
2, 9059
List the prime factors of 18812.
2, 4703
What are the prime factors of 2194?
2, 1097
What are the prime factors of 49520?
2, 5, 619
List the prime factors of 822.
2, 3, 137
What are the prime factors of 2752?
2, 43
What are the prime factors of 17487?
3, 29, 67
List the prime factors of 2150.
2, 5, 43
What are the prime factors of 2818?
2, 1409
List the prime factors of 16925.
5, 677
List the prime factors of 1060.
2, 5, 53
What are the prime factors of 2320?
2, 5, 29
What are the prime factors of 1143?
3, 127
List the prime factors of 3255.
3, 5, 7, 31
List the prime factors of 10356.
2, 3, 863
What are the prime factors of 4678?
2, 2339
What are the prime factors of 3798?
2, 3, 211
List the prime factors of 1441.
11, 131
What are the prime factors of 672?
2, 3, 7
List the prime factors of 81.
3
List the prime factors of 98.
2, 7
What are the prime factors of 4121?
13, 317
List the prime factors of 915.
3, 5, 61
What are the prime factors of 9276?
2, 3, 773
What are the prime factors of 1721?
1721
List the prime factors of 7664.
2, 479
List the prime factors of 1463.
7, 11, 19
List the prime factors of 4792.
2, 599
List the prime factors of 4357.
4357
List the prime factors of 56913.
3, 61, 311
List the prime factors of 1603.
7, 229
What are the prime factors of 895?
5, 179
List the prime factors of 5408.
2, 13
What are the prime factors of 114275?
5, 7, 653
List the prime factors of 44895.
3, 5, 41, 73
What are the prime factors of 2322?
2, 3, 43
What are the prime factors of 182432?
2, 5701
What are the prime factors of 5649?
3, 7, 269
List the prime factors of 1343.
17, 79
List the prime factors of 62149.
19, 3271
List the prime factors of 29516.
2, 47, 157
What are the prime factors of 1522?
2, 761
What are the prime factors of 1297?
1297
List the prime factors of 850.
2, 5, 17
What are the prime factors of 2280?
2, 3, 5, 19
List the prime factors of 343.
7
List the prime factors of 14826.
2, 3, 7, 353
List the prime factors of 1299.
3, 433
What are the prime factors of 20970?
2, 3, 5, 233
What are the prime factors of 15216?
2, 3, 317
What are the prime factors of 666?
2, 3, 37
List the prime factors of 16828.
2, 7, 601
What are the prime factors of 41342?
2, 7, 2953
What are the prime factors of 5147?
5147
What are the prime factors of 5510?
2, 5, 19, 29
What are the prime factors of 1499?
1499
What are the prime factors of 63089?
13, 23, 211
List the prime factors of 620.
2, 5, 31
What are the prime factors of 1982?
2, 991
What are the prime factors of 14865?
3, 5, 991
What are the prime factors of 64062?
2, 3, 3559
List the prime factors of 4707.
3, 523
What are the prime factors of 71501?
127, 563
What are the prime factors of 1239?
3, 7, 59
What are the prime factors of 94?
2, 47
List the prime factors of 24840.
2, 3, 5, 23
List the prime factors of 120184.
2, 83, 181
List the prime factors of 1275.
3, 5, 17
What are the prime factors of 9338?
2, 7, 23, 29
List the prime factors of 8744.
2, 1093
List the prime factors of 7293.
3, 11, 13, 17
List the prime factors of 2325.
3, 5, 31
List the prime factors of 2797.
2797
What are the prime factors of 13627?
13627
What are the prime factors of 75296?
2, 13, 181
List the prime factors of 9142.
2, 7, 653
List the prime factors of 24288.
2, 3, 11, 23
What are the prime factors of 7852?
2, 13, 151
What are the prime factors of 3248?
2, 7, 29
What are the prime factors of 40104?
2, 3, 557
What are the prime factors of 1462?
2, 17, 43
What are the prime factors of 7942?
2, 11, 19
What are the prime factors of 178712?
2, 89, 251
List the prime factors of 91091.
7, 11, 13
What are the prime factors of 14630?
2, 5, 7, 11, 19
List the prime factors of 14692.
2, 3673
List the prime factors of 1458.
2, 3
List the prime factors of 18501.
3, 7, 881
List the prime factors of 1929.
3, 643
What are the prime factors of 4507?
4507
What are the prime factors of 22662?
2, 3, 1259
What are the prime factors of 13688?
2, 29, 59
List the prime factors of 630.
2, 3, 5, 7
List the prime factors of 2185.
5, 19, 23
List the prime factors of 1689.
3, 563
List the prime factors of 50144.
2, 1567
List the prime factors of 59673.
3, 19891
What are the prime factors of 1941?
3, 647
List the prime factors of 28330.
2, 5, 2833
What are the prime factors of 21784?
2, 7, 389
What are the prime factors of 28268?
2, 37, 191
What are the prime factors of 14148?
2, 3, 131
List the prime factors of 114543.
3, 11, 13, 89
List the prime factors of 18936.
2, 3, 263
List the prime factors of 21111.
3, 31, 227
What are the prime factors of 126?
2, 3, 7
What are the prime factors of 977?
977
What are the prime factors of 1214?
2, 607
List the prime factors of 18544.
2, 19, 61
List the prime factors of 9573.
3, 3191
List the prime factors of 19955.
5, 13, 307
List the prime factors of 2544.
2, 3, 53
List the prime factors of 17823.
3, 13, 457
List the prime factors of 1150.
2, 5, 23
What are the prime factors of 913?
11, 83
List the prime factors of 5863.
11, 13, 41
What are the prime factors of 1172?
2, 293
What are the prime factors of 7218?
2, 3, 401
What are the prime factors of 28042?
2, 7, 2003
What are the prime factors of 5971?
7, 853
What are the prime factors of 3644?
2, 911
List the prime factors of 8447.
8447
List the prime factors of 5312.
2, 83
List the prime factors of 381.
3, 127
List the prime factors of 2467.
2467
List the prime factors of 383.
383
What are the prime factors of 3956?
2, 23, 43
List the prime factors of 1871.
1871
What are the prime factors of 4270?
2, 5, 7, 61
What are the prime factors of 14197?
14197
What are the prime factors of 682?
2, 11, 31
List the prime factors of 218.
2, 109
List the prime factors of 15554.
2, 7, 11, 101
List the prime factors of 4749.
3, 1583
What are the p